{"id":182,"date":"2019-04-18T14:12:39","date_gmt":"2019-04-18T12:12:39","guid":{"rendered":"http:\/\/aydyng.eu\/?page_id=182"},"modified":"2020-02-10T12:17:04","modified_gmt":"2020-02-10T11:17:04","slug":"mru","status":"publish","type":"page","link":"https:\/\/aydyng.eu\/index.php\/centrales-inertielles\/mru\/","title":{"rendered":"Motion Reference Units (MRU)"},"content":{"rendered":"\n<figure class=\"wp-block-gallery columns-5 is-cropped wp-block-gallery-1 is-layout-flex wp-block-gallery-is-layout-flex\"><ul class=\"blocks-gallery-grid\"><li class=\"blocks-gallery-item\"><figure><img loading=\"lazy\" decoding=\"async\" width=\"336\" height=\"336\" src=\"http:\/\/aydyng.eu\/wp-content\/uploads\/2019\/05\/0006.png\" alt=\"\" data-id=\"395\" data-link=\"http:\/\/aydyng.eu\/index.php\/produits-2\/mru\/attachment\/0006\/\" class=\"wp-image-395\" srcset=\"https:\/\/aydyng.eu\/wp-content\/uploads\/2019\/05\/0006.png 336w, https:\/\/aydyng.eu\/wp-content\/uploads\/2019\/05\/0006-150x150.png 150w, https:\/\/aydyng.eu\/wp-content\/uploads\/2019\/05\/0006-300x300.png 300w\" sizes=\"auto, (max-width: 336px) 100vw, 336px\" \/><\/figure><\/li><li class=\"blocks-gallery-item\"><figure><img loading=\"lazy\" decoding=\"async\" width=\"350\" height=\"350\" src=\"http:\/\/aydyng.eu\/wp-content\/uploads\/2019\/05\/MRU-B.jpg\" alt=\"\" data-id=\"390\" data-link=\"http:\/\/aydyng.eu\/index.php\/produits-2\/mru\/mru-b\/\" class=\"wp-image-390\" srcset=\"https:\/\/aydyng.eu\/wp-content\/uploads\/2019\/05\/MRU-B.jpg 350w, https:\/\/aydyng.eu\/wp-content\/uploads\/2019\/05\/MRU-B-150x150.jpg 150w, https:\/\/aydyng.eu\/wp-content\/uploads\/2019\/05\/MRU-B-300x300.jpg 300w\" sizes=\"auto, (max-width: 350px) 100vw, 350px\" \/><figcaption class=\"blocks-gallery-item__caption\">MRU-B Basic<\/figcaption><\/figure><\/li><li class=\"blocks-gallery-item\"><figure><img loading=\"lazy\" decoding=\"async\" width=\"350\" height=\"350\" src=\"http:\/\/aydyng.eu\/wp-content\/uploads\/2019\/05\/MRU-E.jpg\" alt=\"\" data-id=\"391\" data-link=\"http:\/\/aydyng.eu\/index.php\/produits-2\/mru\/mru-e\/\" class=\"wp-image-391\" srcset=\"https:\/\/aydyng.eu\/wp-content\/uploads\/2019\/05\/MRU-E.jpg 350w, https:\/\/aydyng.eu\/wp-content\/uploads\/2019\/05\/MRU-E-150x150.jpg 150w, https:\/\/aydyng.eu\/wp-content\/uploads\/2019\/05\/MRU-E-300x300.jpg 300w\" sizes=\"auto, (max-width: 350px) 100vw, 350px\" \/><figcaption class=\"blocks-gallery-item__caption\">MRU-E Enhanced<\/figcaption><\/figure><\/li><li class=\"blocks-gallery-item\"><figure><img loading=\"lazy\" decoding=\"async\" width=\"350\" height=\"350\" src=\"http:\/\/aydyng.eu\/wp-content\/uploads\/2019\/05\/MRU-P.jpg\" alt=\"\" data-id=\"392\" data-link=\"http:\/\/aydyng.eu\/index.php\/produits-2\/mru\/mru-p\/\" class=\"wp-image-392\" srcset=\"https:\/\/aydyng.eu\/wp-content\/uploads\/2019\/05\/MRU-P.jpg 350w, https:\/\/aydyng.eu\/wp-content\/uploads\/2019\/05\/MRU-P-150x150.jpg 150w, https:\/\/aydyng.eu\/wp-content\/uploads\/2019\/05\/MRU-P-300x300.jpg 300w\" sizes=\"auto, (max-width: 350px) 100vw, 350px\" \/><figcaption class=\"blocks-gallery-item__caption\">MRU-P Professional<\/figcaption><\/figure><\/li><li class=\"blocks-gallery-item\"><figure><img loading=\"lazy\" decoding=\"async\" width=\"350\" height=\"350\" src=\"http:\/\/aydyng.eu\/wp-content\/uploads\/2019\/05\/MRU-PD.jpg\" alt=\"\" data-id=\"393\" data-link=\"http:\/\/aydyng.eu\/index.php\/produits-2\/mru\/mru-pd\/\" class=\"wp-image-393\" srcset=\"https:\/\/aydyng.eu\/wp-content\/uploads\/2019\/05\/MRU-PD.jpg 350w, https:\/\/aydyng.eu\/wp-content\/uploads\/2019\/05\/MRU-PD-150x150.jpg 150w, https:\/\/aydyng.eu\/wp-content\/uploads\/2019\/05\/MRU-PD-300x300.jpg 300w\" sizes=\"auto, (max-width: 350px) 100vw, 350px\" \/><figcaption class=\"blocks-gallery-item__caption\">MRU-PD Survey set<\/figcaption><\/figure><\/li><\/ul><\/figure>\n\n\n\n<div class=\"wp-block-columns is-layout-flex wp-container-core-columns-is-layout-9d6595d7 wp-block-columns-is-layout-flex\">\n<div class=\"wp-block-column is-layout-flow wp-block-column-is-layout-flow\"><\/div>\n\n\n\n<div class=\"wp-block-column is-layout-flow wp-block-column-is-layout-flow\">\n<div class=\"wp-block-button aligncenter\"><a class=\"wp-block-button__link has-background has-vivid-cyan-blue-background-color\" href=\"http:\/\/aydyng.eu\/wp-content\/uploads\/2019\/07\/MRU_Datasheet.rev1_.7_May_2019.pdf\" style=\"border-radius:11px\" target=\"_blank\" rel=\"noreferrer noopener\">Fiche technique<\/a><\/div>\n<\/div>\n\n\n\n<div class=\"wp-block-column is-layout-flow wp-block-column-is-layout-flow\">\n<div class=\"wp-block-button aligncenter\"><a class=\"wp-block-button__link has-background has-vivid-cyan-blue-background-color\" href=\"http:\/\/aydyng.eu\/wp-content\/uploads\/2019\/07\/MRU_Datasheet.rev1_.7_May_2019.pdf\" style=\"border-radius:11px\" target=\"_blank\" rel=\"noreferrer noopener\">Fiche technique<\/a><\/div>\n<\/div>\n\n\n\n<div class=\"wp-block-column is-layout-flow wp-block-column-is-layout-flow\">\n<div class=\"wp-block-button aligncenter\"><a class=\"wp-block-button__link has-background has-vivid-cyan-blue-background-color\" href=\"http:\/\/aydyng.eu\/wp-content\/uploads\/2019\/07\/MRU_Datasheet.rev1_.7_May_2019.pdf\" style=\"border-radius:11px\" target=\"_blank\" rel=\"noreferrer noopener\">Fiche technique<\/a><\/div>\n<\/div>\n\n\n\n<div class=\"wp-block-column is-layout-flow wp-block-column-is-layout-flow\">\n<div class=\"wp-block-button aligncenter\"><a class=\"wp-block-button__link has-background has-vivid-cyan-blue-background-color\" href=\"http:\/\/aydyng.eu\/wp-content\/uploads\/2019\/07\/MRU-PD_Datasheet.rev1_.9_May_2019.pdf\" style=\"border-radius:11px\" target=\"_blank\" rel=\"noreferrer noopener\">Fiche technique<\/a><\/div>\n<\/div>\n<\/div>\n\n\n\n<figure class=\"wp-block-table\"><table class=\"\"><tbody><tr><td>Heave accuracy<\/td><td>5% \/ 5cm<\/td><td>5% \/ 5cm<\/td><td>5% \/ 5cm<\/td><td>5% \/ 5cm<\/td><\/tr><tr><td>Pitch &amp; Roll accuracy<\/td><td>0.03 deg<\/td><td>0.03 deg<\/td><td>0.03 deg<\/td><td>0.03 deg<\/td><\/tr><tr><td>Heaing accuracy (embedded)<\/td><td>&#8211;<\/td><td>0.6 deg<\/td><td>0.4 deg<\/td><td>0.05 deg<\/td><\/tr><tr><td>Position accuracy (embedded)<\/td><td>&#8211;<\/td><td>&#8211;<\/td><td>40 cm (DGPS)<br>1 cm (RTK)<\/td><td>40 cm (DGPS)<br>1 cm (RTK)<\/td><\/tr><\/tbody><\/table><\/figure>\n\n\n\n<figure class=\"wp-block-table aligncenter\"><table class=\"\"><tbody><tr><td>Input data<\/td><td>DVL (Doppler Velocity Log)<\/td><\/tr><tr><td>Output data<\/td><td>Pitch, Roll, Roll Velocity, Pitch Velocity, Surge, Sway, Heave, Surge Velocity, Sway Velocity, Heave Velocity,<br>Acceleration X, Acceleration Y, Acceleration Z, Gyro X, Gyro Y, Gyro Z<br>Models with GNSS receiver: position (DGPS, RTK), Heading, PPS time, Linear velocity<\/td><\/tr><tr><td>Interface<\/td><td>RS-232, RS-422, RS-485, Ethernet<\/td><\/tr><tr><td>Output data format<\/td><td>Binary, TSS-1, NMEA 0183 ASCII characters<\/td><\/tr><\/tbody><\/table><\/figure>\n\n\n\n<div class=\"wp-block-button aligncenter\"><a class=\"wp-block-button__link has-background has-vivid-cyan-blue-background-color\" href=\"http:\/\/aydyng.eu\/index.php\/devis\/\" style=\"border-radius:11px\" target=\"_blank\" rel=\"noreferrer noopener\">Demander un devis<\/a><\/div>\n\n\n<h1 style=\"text-align: center;\"><strong><span style=\"color: #3366ff;\">Motion Reference Units key performance<\/span><\/strong><\/h1>\n<h2 style=\"text-align: center;\"><strong>Heave accuracy @ 10 seconds wave<\/strong><\/h2>\n\n\n<figure class=\"wp-block-image\"><img loading=\"lazy\" decoding=\"async\" width=\"959\" height=\"749\" src=\"http:\/\/aydyng.eu\/wp-content\/uploads\/2019\/05\/mru-0004.png\" alt=\"\" class=\"wp-image-407\" srcset=\"https:\/\/aydyng.eu\/wp-content\/uploads\/2019\/05\/mru-0004.png 959w, https:\/\/aydyng.eu\/wp-content\/uploads\/2019\/05\/mru-0004-300x234.png 300w, https:\/\/aydyng.eu\/wp-content\/uploads\/2019\/05\/mru-0004-768x600.png 768w\" sizes=\"auto, (max-width: 959px) 100vw, 959px\" \/><\/figure>\n\n\n<h2 style=\"text-align: center;\"><strong>Heave accuracy @ 20 seconds wave<\/strong><\/h2>\n\n\n<figure class=\"wp-block-image\"><img loading=\"lazy\" decoding=\"async\" width=\"959\" height=\"713\" src=\"http:\/\/aydyng.eu\/wp-content\/uploads\/2019\/05\/mru-0005.png\" alt=\"\" class=\"wp-image-408\" srcset=\"https:\/\/aydyng.eu\/wp-content\/uploads\/2019\/05\/mru-0005.png 959w, https:\/\/aydyng.eu\/wp-content\/uploads\/2019\/05\/mru-0005-300x223.png 300w, https:\/\/aydyng.eu\/wp-content\/uploads\/2019\/05\/mru-0005-768x571.png 768w\" sizes=\"auto, (max-width: 959px) 100vw, 959px\" \/><\/figure>\n\n\n<h2 style=\"text-align: center;\"><strong>Pitch dynamic accuracy @ 20 sec wave<\/strong><\/h2>\n\n\n<figure class=\"wp-block-image\"><img loading=\"lazy\" decoding=\"async\" width=\"959\" height=\"754\" src=\"http:\/\/aydyng.eu\/wp-content\/uploads\/2019\/05\/mru-0006.png\" alt=\"\" class=\"wp-image-409\" srcset=\"https:\/\/aydyng.eu\/wp-content\/uploads\/2019\/05\/mru-0006.png 959w, https:\/\/aydyng.eu\/wp-content\/uploads\/2019\/05\/mru-0006-300x236.png 300w, https:\/\/aydyng.eu\/wp-content\/uploads\/2019\/05\/mru-0006-768x604.png 768w\" sizes=\"auto, (max-width: 959px) 100vw, 959px\" \/><\/figure>\n\n\n<h2 style=\"text-align: center;\"><strong>Roll dynamic accuracy @ 20 sec wave<\/strong><\/h2>\n\n\n<figure class=\"wp-block-image\"><img loading=\"lazy\" decoding=\"async\" width=\"959\" height=\"735\" src=\"http:\/\/aydyng.eu\/wp-content\/uploads\/2019\/05\/mru-0007.png\" alt=\"\" class=\"wp-image-410\" srcset=\"https:\/\/aydyng.eu\/wp-content\/uploads\/2019\/05\/mru-0007.png 959w, https:\/\/aydyng.eu\/wp-content\/uploads\/2019\/05\/mru-0007-300x230.png 300w, https:\/\/aydyng.eu\/wp-content\/uploads\/2019\/05\/mru-0007-768x589.png 768w\" sizes=\"auto, (max-width: 959px) 100vw, 959px\" \/><\/figure>\n\n\n<h2 style=\"text-align: center;\"><strong>MRU Heave, Pitch &amp; Roll dynamic testing<\/strong><\/h2>\n\n\n<figure class=\"wp-block-embed-youtube aligncenter wp-block-embed is-type-video is-provider-youtube wp-embed-aspect-16-9 wp-has-aspect-ratio\"><div class=\"wp-block-embed__wrapper\">\n<div class=\"suki-oembed suki-oembed-video\" style=\"padding-top: 56.228%;\"><iframe loading=\"lazy\" title=\"Inertial Labs Motion Reference Units (MRU) qualification tests\" width=\"1140\" height=\"641\" src=\"https:\/\/www.youtube.com\/embed\/rILxHYuBhJg?feature=oembed\" frameborder=\"0\" allow=\"accelerometer; autoplay; encrypted-media; gyroscope; picture-in-picture\" allowfullscreen><\/iframe><\/div>\n<\/div><\/figure>\n\n\n<h2 class=\"text-center\" style=\"text-align: center;\"><strong>Gyroscopes &amp; Accelerometers Bias in-run stability<\/strong><\/h2>\n\n\n<figure class=\"wp-block-image\"><img loading=\"lazy\" decoding=\"async\" width=\"959\" height=\"468\" src=\"http:\/\/aydyng.eu\/wp-content\/uploads\/2019\/05\/mru-0001.png\" alt=\"\" class=\"wp-image-415\" srcset=\"https:\/\/aydyng.eu\/wp-content\/uploads\/2019\/05\/mru-0001.png 959w, https:\/\/aydyng.eu\/wp-content\/uploads\/2019\/05\/mru-0001-300x146.png 300w, https:\/\/aydyng.eu\/wp-content\/uploads\/2019\/05\/mru-0001-768x375.png 768w\" sizes=\"auto, (max-width: 959px) 100vw, 959px\" \/><\/figure>\n\n\n\n<figure class=\"wp-block-image\"><img loading=\"lazy\" decoding=\"async\" width=\"959\" height=\"486\" src=\"http:\/\/aydyng.eu\/wp-content\/uploads\/2019\/05\/mru-0002.png\" alt=\"\" class=\"wp-image-416\" srcset=\"https:\/\/aydyng.eu\/wp-content\/uploads\/2019\/05\/mru-0002.png 959w, https:\/\/aydyng.eu\/wp-content\/uploads\/2019\/05\/mru-0002-300x152.png 300w, https:\/\/aydyng.eu\/wp-content\/uploads\/2019\/05\/mru-0002-768x389.png 768w\" sizes=\"auto, (max-width: 959px) 100vw, 959px\" \/><\/figure>\n\n\n<p><span id=\"s2_1\">Inertial Labs a mis au point des MRU (Motion Reference Units) pour r\u00e9pondre aux exigences des applications marines et hydrographiques. Le <\/span><span id=\"s2_2\">MRU est am\u00e9lior\u00e9 avec un Motion Sensor \u00e0 composants li\u00e9s de haute performance, qui d\u00e9termine Pitch &amp; Roll, Heave, Sway, Surge, acc\u00e9l\u00e9rations, Fr\u00e9quences angulaires, Cap, Vitesse et Positions pour tout \u00e9quipement sur lequel il est mont\u00e9.<\/span>&nbsp;<span id=\"s2_3\">Les unit\u00e9s de r\u00e9f\u00e9rence de mouvement Inertial Labs utilisent des acc\u00e9l\u00e9rom\u00e8tres de pr\u00e9cision, des magn\u00e9tom\u00e8tres, des gyroscopes et des capteurs barom\u00e9triques \u00e0 3 axes \u00e0 l\u2019\u00e9tat solide pour fournir des mesures pr\u00e9cises de l&rsquo;\u00e9quipement sur mesure.<\/span><\/p>\n<p>L\u2019int\u00e9gration de sortie de gyroscopes de tr\u00e8s faible bruit fournit une mesure haute fr\u00e9quence, en temps r\u00e9el des navires, bateaux, h\u00e9liports, ROV, antennes marines, rotation de grue sur les trois axes de rotation.<\/p>\n<p>Gr\u00e2ce \u00e0 une expertise sectorielle \u00e9prouv\u00e9e et \u00e0 un investissement continu dans l\u2019innovation technologique, Inertial Labs offre \u00e0 ses clients un \u00e9quilibre optimal entre le prix et la performance.<\/p>\n<p><span id=\"s2_1\">Nos MRU dot\u00e9s d&rsquo;acc\u00e9l\u00e9rom\u00e8tres MEMS (Micro Electro Mechanical System) pr\u00e9sentent un Bias in-run stability de quelques micro g.<\/span>&nbsp;<span id=\"s2_2\">La nouvelle g\u00e9n\u00e9ration de gyroscopes \u00e0 base de MEMS avec unBias in-run stability de 1 deg\/h est une solution id\u00e9ale pour les applications maritimes exigeantes, avec leur nature \u00e9lectronique qui annule les probl\u00e8mes associ\u00e9s aux solutions m\u00e9caniques gyroscopiques co\u00fbteuses , ainsi que ceux bas\u00e9s sur la technologie de fibre optique (FOG).<\/span><\/p>\n<p>Les gyroscopes MEMS d&rsquo;Inertial Labs \u00e9tablissent la norme pour l\u2019industrie, avec nos MRU haut de gamme dot\u00e9s de gyroscopes qui determinent des normes de pr\u00e9cision et de fiabilit\u00e9 de pointe.<\/p>\n<h2><strong>Applications et cas d&rsquo;usage<\/strong><\/h2>\n<ul>\n<li>State-of-the-art algorithms for Vessels, Ships, Active Heave Compensators, Cranes, Helideck, ROV, AUV, DPS, Buoys, Echo Sounders, Offshore Platforms<\/li>\n<li>Pitch &amp; Roll accuracy = 0.03 deg<\/li>\n<li>5% or 5 cm RMS (whichever is greater) Heave accuracy<\/li>\n<li>0.005 m\/sec2 linear acceleration accuracy<\/li>\n<li>NMEA 0183, TSS1 output data formats<\/li>\n<li>HYPACK software compatibility<\/li>\n<li>Velocity and Horizontal positions output<\/li>\n<li>Environmentally sealed (IP67), compact design<\/li>\n<\/ul>","protected":false},"excerpt":{"rendered":"<p>Heave accuracy 5% \/ 5cm 5% \/ 5cm 5% \/ 5cm 5% \/ 5cm Pitch &amp; Roll accuracy 0.03 deg 0.03 deg 0.03 deg 0.03 deg Heaing accuracy (embedded) &#8211; 0.6 deg 0.4 deg 0.05 deg Position accuracy (embedded) &#8211; &#8211; 40 cm (DGPS)1 cm (RTK) 40 cm (DGPS)1 cm (RTK) Input data DVL (Doppler &hellip;<\/p>\n","protected":false},"author":1,"featured_media":0,"parent":129,"menu_order":0,"comment_status":"closed","ping_status":"closed","template":"","meta":{"footnotes":""},"class_list":["post-182","page","type-page","status-publish","hentry"],"_links":{"self":[{"href":"https:\/\/aydyng.eu\/index.php\/wp-json\/wp\/v2\/pages\/182","targetHints":{"allow":["GET"]}}],"collection":[{"href":"https:\/\/aydyng.eu\/index.php\/wp-json\/wp\/v2\/pages"}],"about":[{"href":"https:\/\/aydyng.eu\/index.php\/wp-json\/wp\/v2\/types\/page"}],"author":[{"embeddable":true,"href":"https:\/\/aydyng.eu\/index.php\/wp-json\/wp\/v2\/users\/1"}],"replies":[{"embeddable":true,"href":"https:\/\/aydyng.eu\/index.php\/wp-json\/wp\/v2\/comments?post=182"}],"version-history":[{"count":33,"href":"https:\/\/aydyng.eu\/index.php\/wp-json\/wp\/v2\/pages\/182\/revisions"}],"predecessor-version":[{"id":1340,"href":"https:\/\/aydyng.eu\/index.php\/wp-json\/wp\/v2\/pages\/182\/revisions\/1340"}],"up":[{"embeddable":true,"href":"https:\/\/aydyng.eu\/index.php\/wp-json\/wp\/v2\/pages\/129"}],"wp:attachment":[{"href":"https:\/\/aydyng.eu\/index.php\/wp-json\/wp\/v2\/media?parent=182"}],"curies":[{"name":"wp","href":"https:\/\/api.w.org\/{rel}","templated":true}]}}