{"id":1850,"date":"2021-03-09T10:46:26","date_gmt":"2021-03-09T09:46:26","guid":{"rendered":"https:\/\/aydyng.eu\/?page_id=1850"},"modified":"2021-03-09T17:54:03","modified_gmt":"2021-03-09T16:54:03","slug":"lidar","status":"publish","type":"page","link":"https:\/\/aydyng.eu\/index.php\/lidar\/","title":{"rendered":"LiDAR"},"content":{"rendered":"<div class=\"edit-post-visual-editor editor-styles-wrapper\" tabindex=\"-1\">\n<div>\n<div class=\"editor-writing-flow block-editor-writing-flow\">\n<div>\n<div>\n<div>\n<div class=\"editor-block-list__layout block-editor-block-list__layout\">\n<div id=\"block-da68267d-1a7a-4bbb-bf00-6d3c6237e11f\" class=\"wp-block editor-block-list__block block-editor-block-list__block is-selected\" tabindex=\"0\" data-type=\"core\/paragraph\" aria-label=\"Bloc\u00a0: Paragraphe\">\n<div class=\"editor-block-list__block-edit block-editor-block-list__block-edit\">\n<div class=\"editor-block-contextual-toolbar block-editor-block-contextual-toolbar\" role=\"toolbar\" aria-orientation=\"horizontal\" aria-label=\"Outils de bloc\">\n<div class=\"editor-block-toolbar block-editor-block-toolbar\">\n<div class=\"block-editor-block-toolbar__slot\">\n<div class=\"editor-format-toolbar block-editor-format-toolbar\">\n<div class=\"components-toolbar\">\n<div class=\"components-dropdown-menu\">\u00a0<\/div>\n<\/div>\n<\/div>\n<\/div>\n<div class=\"components-toolbar\">\n<div class=\"components-dropdown-menu block-editor-block-settings-menu\">\u00a0<\/div>\n<\/div>\n<\/div>\n<\/div>\n<div data-block=\"da68267d-1a7a-4bbb-bf00-6d3c6237e11f\">\n<div>\n<div class=\"editor-rich-text block-editor-rich-text\">\n<p class=\"rich-text editor-rich-text__editable block-editor-rich-text__editable wp-block-paragraph is-selected\" style=\"text-align: center;\" role=\"textbox\" contenteditable=\"true\" aria-multiline=\"true\" aria-label=\"Bloc paragraphe\"><span style=\"color: #ff0000;\"><strong data-rich-text-format-boundary=\"true\">AYDYNG<\/strong><\/span> vous propose <strong>RESEPI<\/strong> l&rsquo;instrument de charge utile de t\u00e9l\u00e9d\u00e9tection LiDAR d&rsquo;<strong>Inertial Labs<\/strong> pour diff\u00e9rents types de drones \u00e0 prix imbattable<\/p>\n<\/div>\n<\/div>\n<\/div>\n<\/div>\n<\/div>\n<\/div>\n<\/div>\n<\/div>\n<\/div>\n<\/div>\n<\/div>\n<\/div>\n<div class=\"edit-post-layout__metaboxes\">\n<div class=\"edit-post-meta-boxes-area is-normal\">\n<div class=\"edit-post-meta-boxes-area__container\"><form class=\"metabox-location-normal\">\n<div id=\"poststuff\" class=\"sidebar-open\">\n<div id=\"postbox-container-2\" class=\"postbox-container\">\n<div id=\"normal-sortables\" class=\"meta-box-sortables ui-sortable\">\n<div id=\"suki_page_settings\" class=\"postbox\">\u00a0<\/div>\n<\/div>\n<\/div>\n<\/div>\n<\/form><\/div>\n<\/div>\n<\/div>\n\n\n<div class=\"wp-block-image\"><figure class=\"aligncenter size-large\"><img loading=\"lazy\" decoding=\"async\" width=\"1024\" height=\"553\" src=\"https:\/\/aydyng.eu\/wp-content\/uploads\/2021\/03\/RESEPI_Graphic_Remote_Sensing-e1605113952366-1568x847-1-1024x553.png\" alt=\"\" class=\"wp-image-1851\" srcset=\"https:\/\/aydyng.eu\/wp-content\/uploads\/2021\/03\/RESEPI_Graphic_Remote_Sensing-e1605113952366-1568x847-1-1024x553.png 1024w, https:\/\/aydyng.eu\/wp-content\/uploads\/2021\/03\/RESEPI_Graphic_Remote_Sensing-e1605113952366-1568x847-1-300x162.png 300w, https:\/\/aydyng.eu\/wp-content\/uploads\/2021\/03\/RESEPI_Graphic_Remote_Sensing-e1605113952366-1568x847-1-768x415.png 768w, https:\/\/aydyng.eu\/wp-content\/uploads\/2021\/03\/RESEPI_Graphic_Remote_Sensing-e1605113952366-1568x847-1-1536x830.png 1536w, https:\/\/aydyng.eu\/wp-content\/uploads\/2021\/03\/RESEPI_Graphic_Remote_Sensing-e1605113952366-1568x847-1.png 1568w\" sizes=\"auto, (max-width: 1024px) 100vw, 1024px\" \/><figcaption><strong> LiDAR Remote Sensing Payload Instrument (RESEPI) <\/strong><\/figcaption><\/figure><\/div>\n\n\n\n<div class=\"wp-block-image\"><figure class=\"aligncenter size-large is-resized\"><img loading=\"lazy\" decoding=\"async\" src=\"https:\/\/aydyng.eu\/wp-content\/uploads\/2021\/03\/Inertial-Labs_300-1024x580.jpg\" alt=\"\" class=\"wp-image-1962\" width=\"256\" height=\"145\" srcset=\"https:\/\/aydyng.eu\/wp-content\/uploads\/2021\/03\/Inertial-Labs_300-1024x580.jpg 1024w, https:\/\/aydyng.eu\/wp-content\/uploads\/2021\/03\/Inertial-Labs_300-300x170.jpg 300w, https:\/\/aydyng.eu\/wp-content\/uploads\/2021\/03\/Inertial-Labs_300-768x435.jpg 768w, https:\/\/aydyng.eu\/wp-content\/uploads\/2021\/03\/Inertial-Labs_300-1536x870.jpg 1536w, https:\/\/aydyng.eu\/wp-content\/uploads\/2021\/03\/Inertial-Labs_300-2048x1161.jpg 2048w\" sizes=\"auto, (max-width: 256px) 100vw, 256px\" \/><\/figure><\/div>\n","protected":false},"excerpt":{"rendered":"<p>\u00a0 \u00a0 AYDYNG vous propose RESEPI l&rsquo;instrument de charge utile de t\u00e9l\u00e9d\u00e9tection LiDAR d&rsquo;Inertial Labs pour diff\u00e9rents types de drones \u00e0 prix imbattable \u00a0<\/p>\n","protected":false},"author":1,"featured_media":0,"parent":0,"menu_order":0,"comment_status":"closed","ping_status":"closed","template":"","meta":{"footnotes":""},"class_list":["post-1850","page","type-page","status-publish","hentry"],"_links":{"self":[{"href":"https:\/\/aydyng.eu\/index.php\/wp-json\/wp\/v2\/pages\/1850","targetHints":{"allow":["GET"]}}],"collection":[{"href":"https:\/\/aydyng.eu\/index.php\/wp-json\/wp\/v2\/pages"}],"about":[{"href":"https:\/\/aydyng.eu\/index.php\/wp-json\/wp\/v2\/types\/page"}],"author":[{"embeddable":true,"href":"https:\/\/aydyng.eu\/index.php\/wp-json\/wp\/v2\/users\/1"}],"replies":[{"embeddable":true,"href":"https:\/\/aydyng.eu\/index.php\/wp-json\/wp\/v2\/comments?post=1850"}],"version-history":[{"count":16,"href":"https:\/\/aydyng.eu\/index.php\/wp-json\/wp\/v2\/pages\/1850\/revisions"}],"predecessor-version":[{"id":1964,"href":"https:\/\/aydyng.eu\/index.php\/wp-json\/wp\/v2\/pages\/1850\/revisions\/1964"}],"wp:attachment":[{"href":"https:\/\/aydyng.eu\/index.php\/wp-json\/wp\/v2\/media?parent=1850"}],"curies":[{"name":"wp","href":"https:\/\/api.w.org\/{rel}","templated":true}]}}