{"id":1931,"date":"2021-03-09T12:30:02","date_gmt":"2021-03-09T11:30:02","guid":{"rendered":"https:\/\/aydyng.eu\/?page_id=1931"},"modified":"2021-03-14T15:59:26","modified_gmt":"2021-03-14T14:59:26","slug":"resepi","status":"publish","type":"page","link":"https:\/\/aydyng.eu\/index.php\/lidar\/resepi\/","title":{"rendered":"RESEPI"},"content":{"rendered":"\n<div class=\"wp-block-image\"><figure class=\"aligncenter size-large\"><img loading=\"lazy\" decoding=\"async\" width=\"1024\" height=\"553\" src=\"https:\/\/aydyng.eu\/wp-content\/uploads\/2021\/03\/RESEPI_Graphic_Remote_Sensing-e1605113952366-1568x847-2-1024x553.png\" alt=\"\" class=\"wp-image-1932\" srcset=\"https:\/\/aydyng.eu\/wp-content\/uploads\/2021\/03\/RESEPI_Graphic_Remote_Sensing-e1605113952366-1568x847-2-1024x553.png 1024w, https:\/\/aydyng.eu\/wp-content\/uploads\/2021\/03\/RESEPI_Graphic_Remote_Sensing-e1605113952366-1568x847-2-300x162.png 300w, https:\/\/aydyng.eu\/wp-content\/uploads\/2021\/03\/RESEPI_Graphic_Remote_Sensing-e1605113952366-1568x847-2-768x415.png 768w, https:\/\/aydyng.eu\/wp-content\/uploads\/2021\/03\/RESEPI_Graphic_Remote_Sensing-e1605113952366-1568x847-2-1536x830.png 1536w, https:\/\/aydyng.eu\/wp-content\/uploads\/2021\/03\/RESEPI_Graphic_Remote_Sensing-e1605113952366-1568x847-2.png 1568w\" sizes=\"auto, (max-width: 1024px) 100vw, 1024px\" \/><figcaption><strong> LiDAR Remote Sensing Payload Instrument (RESEPI) <\/strong><\/figcaption><\/figure><\/div>\n\n\n\n<div class=\"wp-block-columns alignfull is-layout-flex wp-container-core-columns-is-layout-9d6595d7 wp-block-columns-is-layout-flex\">\n<div class=\"wp-block-column is-layout-flow wp-block-column-is-layout-flow\" style=\"flex-basis:20.84%\"><\/div>\n\n\n\n<div class=\"wp-block-column is-layout-flow wp-block-column-is-layout-flow\" style=\"flex-basis:54.16%\">\n<figure class=\"wp-block-image size-large\"><img loading=\"lazy\" decoding=\"async\" width=\"719\" height=\"449\" src=\"https:\/\/aydyng.eu\/wp-content\/uploads\/2021\/03\/Picture1-e1604611116102-2.png\" alt=\"\" class=\"wp-image-2000\" srcset=\"https:\/\/aydyng.eu\/wp-content\/uploads\/2021\/03\/Picture1-e1604611116102-2.png 719w, https:\/\/aydyng.eu\/wp-content\/uploads\/2021\/03\/Picture1-e1604611116102-2-300x187.png 300w\" sizes=\"auto, (max-width: 719px) 100vw, 719px\" \/><\/figure>\n\n\n\n<p>RESEPI\u00ae est enti\u00e8rement modulaire. Vous pouvez fournir le r\u00e9cepteur GNSS et\/ou le LiDAR. Nous fournissons tout le n\u00e9cessaire pour l\u2019assemblage, le calibrage et le rep\u00e9rage du RESEPI\u00ae. Ainsi vous pouvez maintenir les relations existantes et de r\u00e9pondre aux exigences de production locale. Vous avez le contr\u00f4le total de la personnalisation.<\/p>\n\n\n\n<p>RESEPI\u00ae est AUSSI une solution compl\u00e8te de t\u00e9l\u00e9d\u00e9tection &#8211; LiDAR, tous les c\u00e2bles n\u00e9cessaires, les supports de montage, l&rsquo;isolateur de vibrations, l&rsquo;\u00e9talonnage LiDAR, la vis\u00e9e, le post-traitement (PPK) et le logiciel Point Cloud. Les revendeurs \u00e0 valeur ajout\u00e9e peuvent se concentrer sur la croissance de leur activit\u00e9 plut\u00f4t que sur le d\u00e9veloppement du produit de charge utile. Nous soutiendrons et d\u00e9velopperons ensemble le produit pour r\u00e9pondre aux exigences du march\u00e9, en nous engageant \u00e0 fournir la meilleure solution en termes de prix et de performance \u00e0 notre partenaire commercial.<\/p>\n<\/div>\n\n\n\n<div class=\"wp-block-column is-layout-flow wp-block-column-is-layout-flow\" style=\"flex-basis:25%\">\n<p>Con\u00e7u pour les partenaires et les revendeurs de l\u2019industrie de la t\u00e9l\u00e9d\u00e9tection, l\u2019instrument de charge utile de t\u00e9l\u00e9d\u00e9tection, ou RESEPI\u00ae, est une combinaison de syst\u00e8me de navigation inertielle assist\u00e9 par GNSS \u00e0 double antenne, d\u2019enregistreur de donn\u00e9es, de LiDAR, de cam\u00e9ra et de syst\u00e8me de communication qui permet la g\u00e9n\u00e9ration en temps r\u00e9el et en post-traitement de solutions de nuages de points. La plate-forme de traitement contient une interface WiFi, un modem cellulaire int\u00e9gr\u00e9 pour prendre en charge les corrections RTCM, un logiciel d\u2019enregistrement des donn\u00e9es et un gigabit ethernet. RESEPI\u00ae peut \u00eatre utilis\u00e9 avec des LiDARs disponibles dans le commerce comme Velodyne, Quanergy, Ouster, RIEGL, LIVOX. Ce syst\u00e8me est propos\u00e9 en marque blanche.<\/p>\n<p><\/p>\n\n\n\n<p>Votre logo peut \u00eatre plac\u00e9 sur tous les logiciels : Logiciel d&rsquo;\u00e9talonnage LIDAR, logiciel d&rsquo;al\u00e9sage, logiciel de nuage de points, interfaces web et mat\u00e9riel. Tous les composants sont mont\u00e9s dans un bo\u00eetier compact et l\u00e9ger.<\/p>\n<\/div>\n\n\n\n<div class=\"wp-block-column is-layout-flow wp-block-column-is-layout-flow\" style=\"flex-basis:25%\"><\/div>\n<\/div>\n\n\n\n<div class=\"wp-block-columns is-layout-flex wp-container-core-columns-is-layout-9d6595d7 wp-block-columns-is-layout-flex\">\n<div class=\"wp-block-column is-layout-flow wp-block-column-is-layout-flow\"><\/div>\n\n\n\n<div class=\"wp-block-column is-layout-flow wp-block-column-is-layout-flow\">\n<figure class=\"wp-block-video\"><video height=\"1080\" style=\"aspect-ratio: 1920 \/ 1080;\" width=\"1920\" controls src=\"https:\/\/aydyng.eu\/wp-content\/uploads\/2021\/03\/RESEPI-Website-2-1.mp4\"><\/video><\/figure>\n<\/div>\n\n\n\n<div class=\"wp-block-column is-layout-flow wp-block-column-is-layout-flow\"><\/div>\n<\/div>\n\n\n<hr>\n<h1 style=\"text-align: center;\"><span style=\"color: #1a2a7a;\"><strong>Caract\u00e9ristiques techniques<\/strong><\/span><\/h1>\n\n\n<div class=\"wp-block-columns is-layout-flex wp-container-core-columns-is-layout-9d6595d7 wp-block-columns-is-layout-flex\">\n<div class=\"wp-block-column is-layout-flow wp-block-column-is-layout-flow\"><\/div>\n\n\n\n<div class=\"wp-block-column is-layout-flow wp-block-column-is-layout-flow\">\n<figure class=\"wp-block-image size-large\"><img loading=\"lazy\" decoding=\"async\" width=\"432\" height=\"645\" src=\"https:\/\/aydyng.eu\/wp-content\/uploads\/2021\/03\/tb-icon-2.png\" alt=\"\" class=\"wp-image-1934\" srcset=\"https:\/\/aydyng.eu\/wp-content\/uploads\/2021\/03\/tb-icon-2.png 432w, https:\/\/aydyng.eu\/wp-content\/uploads\/2021\/03\/tb-icon-2-201x300.png 201w\" sizes=\"auto, (max-width: 432px) 100vw, 432px\" \/><\/figure>\n<\/div>\n\n\n\n<div class=\"wp-block-column is-layout-flow wp-block-column-is-layout-flow\">\n<figure class=\"wp-block-image size-large\"><img loading=\"lazy\" decoding=\"async\" width=\"432\" height=\"649\" src=\"https:\/\/aydyng.eu\/wp-content\/uploads\/2021\/03\/above-icon-2.png\" alt=\"\" class=\"wp-image-1935\" srcset=\"https:\/\/aydyng.eu\/wp-content\/uploads\/2021\/03\/above-icon-2.png 432w, https:\/\/aydyng.eu\/wp-content\/uploads\/2021\/03\/above-icon-2-200x300.png 200w\" sizes=\"auto, (max-width: 432px) 100vw, 432px\" \/><\/figure>\n<\/div>\n\n\n\n<div class=\"wp-block-column is-layout-flow wp-block-column-is-layout-flow\">\n<figure class=\"wp-block-image size-large\"><img loading=\"lazy\" decoding=\"async\" width=\"431\" height=\"650\" src=\"https:\/\/aydyng.eu\/wp-content\/uploads\/2021\/03\/usb-camera-icon-2.png\" alt=\"\" class=\"wp-image-1938\" srcset=\"https:\/\/aydyng.eu\/wp-content\/uploads\/2021\/03\/usb-camera-icon-2.png 431w, https:\/\/aydyng.eu\/wp-content\/uploads\/2021\/03\/usb-camera-icon-2-199x300.png 199w\" sizes=\"auto, (max-width: 431px) 100vw, 431px\" \/><\/figure>\n<\/div>\n\n\n\n<div class=\"wp-block-column is-layout-flow wp-block-column-is-layout-flow\">\n<figure class=\"wp-block-image size-large\"><img loading=\"lazy\" decoding=\"async\" width=\"438\" height=\"650\" src=\"https:\/\/aydyng.eu\/wp-content\/uploads\/2021\/03\/wifi-gsm-icon-3.png\" alt=\"\" class=\"wp-image-1939\" srcset=\"https:\/\/aydyng.eu\/wp-content\/uploads\/2021\/03\/wifi-gsm-icon-3.png 438w, https:\/\/aydyng.eu\/wp-content\/uploads\/2021\/03\/wifi-gsm-icon-3-202x300.png 202w\" sizes=\"auto, (max-width: 438px) 100vw, 438px\" \/><\/figure>\n<\/div>\n\n\n\n<div class=\"wp-block-column is-layout-flow wp-block-column-is-layout-flow\"><\/div>\n<\/div>\n\n\n\n<div class=\"wp-block-columns is-layout-flex wp-container-core-columns-is-layout-9d6595d7 wp-block-columns-is-layout-flex\">\n<div class=\"wp-block-column is-layout-flow wp-block-column-is-layout-flow\"><\/div>\n\n\n\n<div class=\"wp-block-column is-layout-flow wp-block-column-is-layout-flow\">\n<figure class=\"wp-block-image size-large\"><img loading=\"lazy\" decoding=\"async\" width=\"431\" height=\"649\" src=\"https:\/\/aydyng.eu\/wp-content\/uploads\/2021\/03\/rtkppk-2.png\" alt=\"\" class=\"wp-image-1940\" srcset=\"https:\/\/aydyng.eu\/wp-content\/uploads\/2021\/03\/rtkppk-2.png 431w, https:\/\/aydyng.eu\/wp-content\/uploads\/2021\/03\/rtkppk-2-199x300.png 199w\" sizes=\"auto, (max-width: 431px) 100vw, 431px\" \/><\/figure>\n<\/div>\n\n\n\n<div class=\"wp-block-column is-layout-flow wp-block-column-is-layout-flow\">\n<figure class=\"wp-block-image size-large\"><img loading=\"lazy\" decoding=\"async\" width=\"431\" height=\"645\" src=\"https:\/\/aydyng.eu\/wp-content\/uploads\/2021\/03\/pc-icon-2.png\" alt=\"\" class=\"wp-image-1942\" srcset=\"https:\/\/aydyng.eu\/wp-content\/uploads\/2021\/03\/pc-icon-2.png 431w, https:\/\/aydyng.eu\/wp-content\/uploads\/2021\/03\/pc-icon-2-200x300.png 200w\" sizes=\"auto, (max-width: 431px) 100vw, 431px\" \/><\/figure>\n<\/div>\n\n\n\n<div class=\"wp-block-column is-layout-flow wp-block-column-is-layout-flow\">\n<figure class=\"wp-block-image size-large\"><img loading=\"lazy\" decoding=\"async\" width=\"431\" height=\"646\" src=\"https:\/\/aydyng.eu\/wp-content\/uploads\/2021\/03\/weight-2.png\" alt=\"\" class=\"wp-image-1943\" srcset=\"https:\/\/aydyng.eu\/wp-content\/uploads\/2021\/03\/weight-2.png 431w, https:\/\/aydyng.eu\/wp-content\/uploads\/2021\/03\/weight-2-200x300.png 200w\" sizes=\"auto, (max-width: 431px) 100vw, 431px\" \/><\/figure>\n<\/div>\n\n\n\n<div class=\"wp-block-column is-layout-flow wp-block-column-is-layout-flow\">\n<figure class=\"wp-block-image size-large\"><img loading=\"lazy\" decoding=\"async\" width=\"431\" height=\"631\" src=\"https:\/\/aydyng.eu\/wp-content\/uploads\/2021\/03\/power-power-icon-2.png\" alt=\"\" class=\"wp-image-1944\" srcset=\"https:\/\/aydyng.eu\/wp-content\/uploads\/2021\/03\/power-power-icon-2.png 431w, https:\/\/aydyng.eu\/wp-content\/uploads\/2021\/03\/power-power-icon-2-205x300.png 205w\" sizes=\"auto, (max-width: 431px) 100vw, 431px\" \/><\/figure>\n<\/div>\n\n\n\n<div class=\"wp-block-column is-layout-flow wp-block-column-is-layout-flow\"><\/div>\n<\/div>\n\n\n<hr>\n<h1 style=\"text-align: center;\"><span style=\"color: #1a2a7a;\"><strong>Scanners LIDAR support\u00e9s<\/strong><\/span><\/h1>\n\n\n<div class=\"wp-block-columns is-layout-flex wp-container-core-columns-is-layout-9d6595d7 wp-block-columns-is-layout-flex\">\n<div class=\"wp-block-column is-layout-flow wp-block-column-is-layout-flow\"><\/div>\n\n\n\n<div class=\"wp-block-column is-layout-flow wp-block-column-is-layout-flow\">\n<figure class=\"wp-block-image size-large\"><img loading=\"lazy\" decoding=\"async\" width=\"1024\" height=\"1017\" src=\"https:\/\/aydyng.eu\/wp-content\/uploads\/2021\/03\/RESEPI_with_VLP-3-1024x1017.png\" alt=\"\" class=\"wp-image-1946\" srcset=\"https:\/\/aydyng.eu\/wp-content\/uploads\/2021\/03\/RESEPI_with_VLP-3-1024x1017.png 1024w, https:\/\/aydyng.eu\/wp-content\/uploads\/2021\/03\/RESEPI_with_VLP-3-300x298.png 300w, https:\/\/aydyng.eu\/wp-content\/uploads\/2021\/03\/RESEPI_with_VLP-3-150x150.png 150w, https:\/\/aydyng.eu\/wp-content\/uploads\/2021\/03\/RESEPI_with_VLP-3-768x763.png 768w, https:\/\/aydyng.eu\/wp-content\/uploads\/2021\/03\/RESEPI_with_VLP-3.png 1229w\" sizes=\"auto, (max-width: 1024px) 100vw, 1024px\" \/><\/figure>\n\n\n\n<figure class=\"wp-block-image size-large\"><img loading=\"lazy\" decoding=\"async\" width=\"1024\" height=\"932\" src=\"https:\/\/aydyng.eu\/wp-content\/uploads\/2021\/03\/Velodyne_VLP-2-1024x932.png\" alt=\"\" class=\"wp-image-1950\" srcset=\"https:\/\/aydyng.eu\/wp-content\/uploads\/2021\/03\/Velodyne_VLP-2-1024x932.png 1024w, https:\/\/aydyng.eu\/wp-content\/uploads\/2021\/03\/Velodyne_VLP-2-300x273.png 300w, https:\/\/aydyng.eu\/wp-content\/uploads\/2021\/03\/Velodyne_VLP-2-768x699.png 768w, https:\/\/aydyng.eu\/wp-content\/uploads\/2021\/03\/Velodyne_VLP-2.png 1090w\" sizes=\"auto, (max-width: 1024px) 100vw, 1024px\" \/><\/figure>\n<\/div>\n\n\n\n<div class=\"wp-block-column is-layout-flow wp-block-column-is-layout-flow\">\n<figure class=\"wp-block-image size-large\"><img loading=\"lazy\" decoding=\"async\" width=\"1024\" height=\"984\" src=\"https:\/\/aydyng.eu\/wp-content\/uploads\/2021\/03\/RESEPI_with_M8-2-1024x984.png\" alt=\"\" class=\"wp-image-1947\" srcset=\"https:\/\/aydyng.eu\/wp-content\/uploads\/2021\/03\/RESEPI_with_M8-2-1024x984.png 1024w, https:\/\/aydyng.eu\/wp-content\/uploads\/2021\/03\/RESEPI_with_M8-2-300x288.png 300w, https:\/\/aydyng.eu\/wp-content\/uploads\/2021\/03\/RESEPI_with_M8-2-768x738.png 768w, https:\/\/aydyng.eu\/wp-content\/uploads\/2021\/03\/RESEPI_with_M8-2.png 1281w\" sizes=\"auto, (max-width: 1024px) 100vw, 1024px\" \/><\/figure>\n\n\n\n<figure class=\"wp-block-image size-large\"><img loading=\"lazy\" decoding=\"async\" width=\"768\" height=\"658\" src=\"https:\/\/aydyng.eu\/wp-content\/uploads\/2021\/03\/Quanergy_Lgo-768x658-1-1.png\" alt=\"\" class=\"wp-image-1951\" srcset=\"https:\/\/aydyng.eu\/wp-content\/uploads\/2021\/03\/Quanergy_Lgo-768x658-1-1.png 768w, https:\/\/aydyng.eu\/wp-content\/uploads\/2021\/03\/Quanergy_Lgo-768x658-1-1-300x257.png 300w\" sizes=\"auto, (max-width: 768px) 100vw, 768px\" \/><\/figure>\n<\/div>\n\n\n\n<div class=\"wp-block-column is-layout-flow wp-block-column-is-layout-flow\">\n<figure class=\"wp-block-image size-large\"><img loading=\"lazy\" decoding=\"async\" width=\"1024\" height=\"1011\" src=\"https:\/\/aydyng.eu\/wp-content\/uploads\/2021\/03\/RESEPI_with_OS1-2-1024x1011.png\" alt=\"\" class=\"wp-image-1948\" srcset=\"https:\/\/aydyng.eu\/wp-content\/uploads\/2021\/03\/RESEPI_with_OS1-2-1024x1011.png 1024w, https:\/\/aydyng.eu\/wp-content\/uploads\/2021\/03\/RESEPI_with_OS1-2-300x296.png 300w, https:\/\/aydyng.eu\/wp-content\/uploads\/2021\/03\/RESEPI_with_OS1-2-768x758.png 768w, https:\/\/aydyng.eu\/wp-content\/uploads\/2021\/03\/RESEPI_with_OS1-2.png 1174w\" sizes=\"auto, (max-width: 1024px) 100vw, 1024px\" \/><\/figure>\n\n\n\n<figure class=\"wp-block-image size-large\"><img loading=\"lazy\" decoding=\"async\" width=\"1024\" height=\"861\" src=\"https:\/\/aydyng.eu\/wp-content\/uploads\/2021\/03\/Ouster_Lgo-2-1024x861.png\" alt=\"\" class=\"wp-image-1952\" srcset=\"https:\/\/aydyng.eu\/wp-content\/uploads\/2021\/03\/Ouster_Lgo-2-1024x861.png 1024w, https:\/\/aydyng.eu\/wp-content\/uploads\/2021\/03\/Ouster_Lgo-2-300x252.png 300w, https:\/\/aydyng.eu\/wp-content\/uploads\/2021\/03\/Ouster_Lgo-2-768x646.png 768w, https:\/\/aydyng.eu\/wp-content\/uploads\/2021\/03\/Ouster_Lgo-2.png 1182w\" sizes=\"auto, (max-width: 1024px) 100vw, 1024px\" \/><\/figure>\n<\/div>\n\n\n\n<div class=\"wp-block-column is-layout-flow wp-block-column-is-layout-flow\">\n<figure class=\"wp-block-image size-large\"><img loading=\"lazy\" decoding=\"async\" width=\"1024\" height=\"987\" src=\"https:\/\/aydyng.eu\/wp-content\/uploads\/2021\/03\/RESEPI_with_Mid40-2-1024x987.png\" alt=\"\" class=\"wp-image-1949\" srcset=\"https:\/\/aydyng.eu\/wp-content\/uploads\/2021\/03\/RESEPI_with_Mid40-2-1024x987.png 1024w, https:\/\/aydyng.eu\/wp-content\/uploads\/2021\/03\/RESEPI_with_Mid40-2-300x289.png 300w, https:\/\/aydyng.eu\/wp-content\/uploads\/2021\/03\/RESEPI_with_Mid40-2-768x741.png 768w, https:\/\/aydyng.eu\/wp-content\/uploads\/2021\/03\/RESEPI_with_Mid40-2.png 1203w\" sizes=\"auto, (max-width: 1024px) 100vw, 1024px\" \/><\/figure>\n\n\n\n<figure class=\"wp-block-image size-large\"><img loading=\"lazy\" decoding=\"async\" width=\"1024\" height=\"854\" src=\"https:\/\/aydyng.eu\/wp-content\/uploads\/2021\/03\/Livox_Lgo-2-1024x854.png\" alt=\"\" class=\"wp-image-1953\" srcset=\"https:\/\/aydyng.eu\/wp-content\/uploads\/2021\/03\/Livox_Lgo-2-1024x854.png 1024w, https:\/\/aydyng.eu\/wp-content\/uploads\/2021\/03\/Livox_Lgo-2-300x250.png 300w, https:\/\/aydyng.eu\/wp-content\/uploads\/2021\/03\/Livox_Lgo-2-768x640.png 768w, https:\/\/aydyng.eu\/wp-content\/uploads\/2021\/03\/Livox_Lgo-2.png 1197w\" sizes=\"auto, (max-width: 1024px) 100vw, 1024px\" \/><\/figure>\n<\/div>\n\n\n\n<div class=\"wp-block-column is-layout-flow wp-block-column-is-layout-flow\"><\/div>\n<\/div>\n\n\n<hr>\n<h1 style=\"text-align: center;\"><span style=\"color: #1a2a7a;\"><strong>Drones support\u00e9s<\/strong><\/span><\/h1>\n\n\n<div class=\"wp-block-image\"><figure class=\"aligncenter size-large\"><img loading=\"lazy\" decoding=\"async\" width=\"1024\" height=\"274\" src=\"https:\/\/aydyng.eu\/wp-content\/uploads\/2021\/03\/RESEPI-supported-drones-2-1024x274.png\" alt=\"\" class=\"wp-image-1954\" srcset=\"https:\/\/aydyng.eu\/wp-content\/uploads\/2021\/03\/RESEPI-supported-drones-2-1024x274.png 1024w, https:\/\/aydyng.eu\/wp-content\/uploads\/2021\/03\/RESEPI-supported-drones-2-300x80.png 300w, https:\/\/aydyng.eu\/wp-content\/uploads\/2021\/03\/RESEPI-supported-drones-2-768x206.png 768w, https:\/\/aydyng.eu\/wp-content\/uploads\/2021\/03\/RESEPI-supported-drones-2.png 1080w\" sizes=\"auto, (max-width: 1024px) 100vw, 1024px\" \/><\/figure><\/div>\n\n\n<hr \/>\n<p><em><strong>Mention l\u00e9gale sur les marques :<\/strong>\u00a0Tous les noms de produits, logos et marques sont la propri\u00e9t\u00e9 de leurs propri\u00e9taires respectifs. Tous les noms de soci\u00e9t\u00e9s, de produits et de services utilis\u00e9s dans ce document le sont \u00e0 des fins d\u2019identification uniquement. L\u2019utilisation de ces noms, logos et marques n\u2019implique pas leur approbation. Kongsberg\/Seatex, Ship Motion Control SMC, Teledyne TSS, R2Sonic, WAASP, EdgeTech, NORBIT, IMAGENEX, HYPACK, QINSY, Novatel Inertial Explorer, Velodyne, Livox, Quanergy et Ouster sont des marques commerciales de Kongsberg\/Seatex, Ship Motion Control SMC, Teledyne TSS, R2Sonic, WAASP, EdgeTech, NORBIT, IMAGENEX, HYPACK, QINSY, Novatel Inertial Explorer, Velodyne, Livox, Quanergy et Ouster.<\/em><\/p>","protected":false},"excerpt":{"rendered":"<p>RESEPI\u00ae est enti\u00e8rement modulaire. Vous pouvez fournir le r\u00e9cepteur GNSS et\/ou le LiDAR. Nous fournissons tout le n\u00e9cessaire pour l\u2019assemblage, le calibrage et le rep\u00e9rage du RESEPI\u00ae. Ainsi vous pouvez maintenir les relations existantes et de r\u00e9pondre aux exigences de production locale. Vous avez le contr\u00f4le total de la personnalisation. RESEPI\u00ae est AUSSI une solution &hellip;<\/p>\n","protected":false},"author":1,"featured_media":0,"parent":1850,"menu_order":0,"comment_status":"closed","ping_status":"closed","template":"","meta":{"footnotes":""},"class_list":["post-1931","page","type-page","status-publish","hentry"],"_links":{"self":[{"href":"https:\/\/aydyng.eu\/index.php\/wp-json\/wp\/v2\/pages\/1931","targetHints":{"allow":["GET"]}}],"collection":[{"href":"https:\/\/aydyng.eu\/index.php\/wp-json\/wp\/v2\/pages"}],"about":[{"href":"https:\/\/aydyng.eu\/index.php\/wp-json\/wp\/v2\/types\/page"}],"author":[{"embeddable":true,"href":"https:\/\/aydyng.eu\/index.php\/wp-json\/wp\/v2\/users\/1"}],"replies":[{"embeddable":true,"href":"https:\/\/aydyng.eu\/index.php\/wp-json\/wp\/v2\/comments?post=1931"}],"version-history":[{"count":23,"href":"https:\/\/aydyng.eu\/index.php\/wp-json\/wp\/v2\/pages\/1931\/revisions"}],"predecessor-version":[{"id":2139,"href":"https:\/\/aydyng.eu\/index.php\/wp-json\/wp\/v2\/pages\/1931\/revisions\/2139"}],"up":[{"embeddable":true,"href":"https:\/\/aydyng.eu\/index.php\/wp-json\/wp\/v2\/pages\/1850"}],"wp:attachment":[{"href":"https:\/\/aydyng.eu\/index.php\/wp-json\/wp\/v2\/media?parent=1931"}],"curies":[{"name":"wp","href":"https:\/\/api.w.org\/{rel}","templated":true}]}}