{"id":2057,"date":"2021-03-13T17:06:47","date_gmt":"2021-03-13T16:06:47","guid":{"rendered":"https:\/\/aydyng.eu\/?page_id=2057"},"modified":"2021-03-14T16:05:32","modified_gmt":"2021-03-14T15:05:32","slug":"two-and-three-axis-gyroscopes-tag","status":"publish","type":"page","link":"https:\/\/aydyng.eu\/index.php\/centrales-inertielles\/two-and-three-axis-gyroscopes-tag\/","title":{"rendered":"Two and Three Axis Gyroscopes (TAG)"},"content":{"rendered":"\n<div class=\"wp-block-columns is-layout-flex wp-container-core-columns-is-layout-9d6595d7 wp-block-columns-is-layout-flex\">\n<div class=\"wp-block-column is-layout-flow wp-block-column-is-layout-flow\" style=\"flex-basis:10%\"><\/div>\n\n\n\n<div class=\"wp-block-column is-layout-flow wp-block-column-is-layout-flow\" style=\"flex-basis:50%\">\n<p>Les gyroscopes \u00e0 deux et trois axes d&rsquo;Inertial Labs (TAG-200 et TAG-300) sont con\u00e7us pour les syst\u00e8mes \u00e9lectro-optiques, les cardans, les plates-formes \u00e0 visibilit\u00e9 directe et les plates-formes panoramiques et inclinables pour les applications de stabilisation et de pointage. Ces dispositifs utilisent des MEMS sensibles de qualit\u00e9 tactique dont la taille, la consommation d&rsquo;\u00e9nergie, la fiabilit\u00e9 et les performances sont id\u00e9ales pour accomplir des t\u00e2ches complexes n\u00e9cessitant une stabilisation pr\u00e9cise de diverses plateformes.<\/p>\n\n\n\n<p>Le TAG-200 et le TAG-300 sont tous deux \u00e9talonn\u00e9s en usine sur leur plage de temp\u00e9rature op\u00e9rationnelle et usin\u00e9s avec pr\u00e9cision pour garantir une tr\u00e8s faible non-orthogonalit\u00e9 et un faible d\u00e9salignement entre les \u00e9l\u00e9ments sensibles. En outre, ces articles sont exempts de la r\u00e9glementation ITAR et exportables (ECCN 7A994) vers les pays disponibles. Chaque unit\u00e9 est fournie avec des certificats individuels d&rsquo;\u00e9talonnage et de test d&rsquo;acceptation et est soumise \u00e0 des proc\u00e9dures \u00e9tendues d&rsquo;assurance et de conformit\u00e9 de la qualit\u00e9 pour garantir la fiabilit\u00e9 du produit avant son exp\u00e9dition.&nbsp;&nbsp;<\/p>\n<\/div>\n\n\n\n<div class=\"wp-block-column is-layout-flow wp-block-column-is-layout-flow\" style=\"flex-basis:30%\">\n<figure class=\"wp-block-image size-large\"><img loading=\"lazy\" decoding=\"async\" width=\"800\" height=\"500\" src=\"https:\/\/aydyng.eu\/wp-content\/uploads\/2021\/03\/Humvee-Caravan-2-1.jpg\" alt=\"\" class=\"wp-image-2072\" srcset=\"https:\/\/aydyng.eu\/wp-content\/uploads\/2021\/03\/Humvee-Caravan-2-1.jpg 800w, https:\/\/aydyng.eu\/wp-content\/uploads\/2021\/03\/Humvee-Caravan-2-1-300x188.jpg 300w, https:\/\/aydyng.eu\/wp-content\/uploads\/2021\/03\/Humvee-Caravan-2-1-768x480.jpg 768w\" sizes=\"auto, (max-width: 800px) 100vw, 800px\" \/><\/figure>\n<\/div>\n\n\n\n<div class=\"wp-block-column is-layout-flow wp-block-column-is-layout-flow\" style=\"flex-basis:10%\"><\/div>\n<\/div>\n\n\n\n<div class=\"wp-block-columns is-layout-flex wp-container-core-columns-is-layout-9d6595d7 wp-block-columns-is-layout-flex\">\n<div class=\"wp-block-column is-layout-flow wp-block-column-is-layout-flow\" style=\"flex-basis:10%\"><\/div>\n\n\n\n<div class=\"wp-block-column is-layout-flow wp-block-column-is-layout-flow\" style=\"flex-basis:80%\">\n<p>L&rsquo;\u00e9quipe d&rsquo;ing\u00e9nieurs qualifi\u00e9s d&rsquo;Inertial Labs fournit l&rsquo;expertise n\u00e9cessaire pour aider les utilisateurs \u00e0 s\u00e9lectionner et \u00e0 configurer les mod\u00e8les disponibles : TAG-200 et TAG300. Notre \u00e9quipe d&rsquo;assistance qualifi\u00e9e aide \u00e0 configurer les unit\u00e9s pour toutes les bases d&rsquo;application afin de satisfaire aux exigences environnementales et circonstancielles des projets.<\/p>\n<\/div>\n\n\n\n<div class=\"wp-block-column is-layout-flow wp-block-column-is-layout-flow\" style=\"flex-basis:10%\"><\/div>\n<\/div>\n\n\n<hr \/>\n<h2 style=\"text-align: center;\"><span style=\"color: #1a2a7a;\"><strong>Mod\u00e8les TAG disponibles<\/strong><\/span><\/h2>\n\n\n<div class=\"wp-block-columns is-layout-flex wp-container-core-columns-is-layout-9d6595d7 wp-block-columns-is-layout-flex\">\n<div class=\"wp-block-column is-layout-flow wp-block-column-is-layout-flow\"><\/div>\n\n\n\n<div class=\"wp-block-column is-layout-flow wp-block-column-is-layout-flow\">\n<figure class=\"wp-block-image size-large\"><a href=\"https:\/\/aydyng.eu\/wp-content\/uploads\/2021\/03\/TAG_Datasheet.rev1_.5_August_2020.pdf\" target=\"_blank\" rel=\"noreferrer noopener\"><img loading=\"lazy\" decoding=\"async\" width=\"1024\" height=\"788\" src=\"https:\/\/aydyng.eu\/wp-content\/uploads\/2021\/03\/TAG-200-1024x788.png\" alt=\"\" class=\"wp-image-2059\" srcset=\"https:\/\/aydyng.eu\/wp-content\/uploads\/2021\/03\/TAG-200-1024x788.png 1024w, https:\/\/aydyng.eu\/wp-content\/uploads\/2021\/03\/TAG-200-300x231.png 300w, https:\/\/aydyng.eu\/wp-content\/uploads\/2021\/03\/TAG-200-768x591.png 768w, https:\/\/aydyng.eu\/wp-content\/uploads\/2021\/03\/TAG-200.png 1369w\" sizes=\"auto, (max-width: 1024px) 100vw, 1024px\" \/><\/a><\/figure>\n<\/div>\n\n\n\n<div class=\"wp-block-column is-layout-flow wp-block-column-is-layout-flow\">\n<figure class=\"wp-block-image size-large\"><a href=\"https:\/\/aydyng.eu\/wp-content\/uploads\/2021\/03\/TAG_Datasheet.rev1_.5_August_2020.pdf\" target=\"_blank\" rel=\"noreferrer noopener\"><img loading=\"lazy\" decoding=\"async\" width=\"1024\" height=\"782\" src=\"https:\/\/aydyng.eu\/wp-content\/uploads\/2021\/03\/TAG-300-1024x782.png\" alt=\"\" class=\"wp-image-2060\" srcset=\"https:\/\/aydyng.eu\/wp-content\/uploads\/2021\/03\/TAG-300-1024x782.png 1024w, https:\/\/aydyng.eu\/wp-content\/uploads\/2021\/03\/TAG-300-300x229.png 300w, https:\/\/aydyng.eu\/wp-content\/uploads\/2021\/03\/TAG-300-768x587.png 768w, https:\/\/aydyng.eu\/wp-content\/uploads\/2021\/03\/TAG-300.png 1369w\" sizes=\"auto, (max-width: 1024px) 100vw, 1024px\" \/><\/a><\/figure>\n<\/div>\n\n\n\n<div class=\"wp-block-column is-layout-flow wp-block-column-is-layout-flow\"><\/div>\n<\/div>\n\n\n\n<div class=\"wp-block-button aligncenter\"><a class=\"wp-block-button__link has-background\" href=\"http:\/\/aydyng.eu\/index.php\/devis\/\" style=\"background-color:#1a2a7a;border-radius:11px\">Demander un devis<\/a><\/div>\n\n\n<hr \/>\n<h2 style=\"text-align: center;\"><span style=\"color: #1a2a7a;\"><strong>Cas d&rsquo;usage des gyroscopes \u00e0 deux et trois axes<\/strong><\/span><\/h2>\n\n\n<div class=\"wp-block-columns is-layout-flex wp-container-core-columns-is-layout-9d6595d7 wp-block-columns-is-layout-flex\">\n<div class=\"wp-block-column is-layout-flow wp-block-column-is-layout-flow\" style=\"flex-basis:10%\"><\/div>\n\n\n\n<div class=\"wp-block-column is-layout-flow wp-block-column-is-layout-flow\" style=\"flex-basis:30%\">\n<div class=\"wp-block-image\"><figure class=\"aligncenter size-large is-resized\"><img decoding=\"async\" src=\"https:\/\/aydyng.eu\/wp-content\/uploads\/2021\/03\/app_rws-min.jpg\" alt=\"\" class=\"wp-image-2061\" width=\"300\" srcset=\"https:\/\/aydyng.eu\/wp-content\/uploads\/2021\/03\/app_rws-min.jpg 700w, https:\/\/aydyng.eu\/wp-content\/uploads\/2021\/03\/app_rws-min-300x200.jpg 300w\" sizes=\"(max-width: 700px) 100vw, 700px\" \/><\/figure><\/div>\n<\/div>\n\n\n\n<div class=\"wp-block-column is-layout-flow wp-block-column-is-layout-flow\" style=\"flex-basis:50%\">\n<h3><strong>Stabilisation des stations d&rsquo;armes \u00e0 distance (RWS)<\/strong><\/h3>\n\n\n\n<p>Une station d&rsquo;arme t\u00e9l\u00e9command\u00e9e (RWS), ou autrement appel\u00e9e station d&rsquo;arme t\u00e9l\u00e9command\u00e9e (RCWS), est un syst\u00e8me de conduite de tir \u00e0 vocation militaire couramment utilis\u00e9 pour les armes de calibre l\u00e9ger et moyen. Un RWS peut \u00eatre utilis\u00e9 pour simuler des syst\u00e8mes de contr\u00f4le de tir \u00e0 des fins de formation ainsi que pour des missions principales dans la ligne de feu. Les TAG-200 et TAG-300 sont couramment utilis\u00e9s pour stabiliser ces plates-formes et peuvent \u00eatre int\u00e9gr\u00e9s avec des composants suppl\u00e9mentaires tels que : Donn\u00e9es d&rsquo;aide optique (cam\u00e9ras st\u00e9r\u00e9o), r\u00e9cepteurs GNSS pour le calcul du cap ou logiciel de reconnaissance d&rsquo;objets.<\/p>\n<\/div>\n\n\n\n<div class=\"wp-block-column is-layout-flow wp-block-column-is-layout-flow\" style=\"flex-basis:10%\"><\/div>\n<\/div>\n\n\n\n<div class=\"wp-block-columns is-layout-flex wp-container-core-columns-is-layout-9d6595d7 wp-block-columns-is-layout-flex\">\n<div class=\"wp-block-column is-layout-flow wp-block-column-is-layout-flow\" style=\"flex-basis:10%\"><\/div>\n\n\n\n<div class=\"wp-block-column is-layout-flow wp-block-column-is-layout-flow\" style=\"flex-basis:30%\">\n<div class=\"wp-block-image\"><figure class=\"aligncenter size-large\"><img loading=\"lazy\" decoding=\"async\" width=\"300\" height=\"225\" src=\"https:\/\/aydyng.eu\/wp-content\/uploads\/2021\/03\/Autonomous-Vehicle-300x225-2.jpg\" alt=\"\" class=\"wp-image-2062\"\/><\/figure><\/div>\n<\/div>\n\n\n\n<div class=\"wp-block-column is-layout-flow wp-block-column-is-layout-flow\" style=\"flex-basis:50%\">\n<h3>Stabilisation optique de l&rsquo;image (2D et 3D)<\/h3>\n\n\n\n<p>Easily integrate with electro-optical systems to stabilize platforms and use information supplied by the TAG for object recognition, detection, and end-to-end response systems. Computer vision systems utilize data streams from the Inertial Labs TAG to correctly identify target position, range distance, and angle of elevation.<\/p>\n<\/div>\n\n\n\n<div class=\"wp-block-column is-layout-flow wp-block-column-is-layout-flow\" style=\"flex-basis:10%\"><\/div>\n<\/div>\n\n\n\n<div class=\"wp-block-columns is-layout-flex wp-container-core-columns-is-layout-9d6595d7 wp-block-columns-is-layout-flex\">\n<div class=\"wp-block-column is-layout-flow wp-block-column-is-layout-flow\" style=\"flex-basis:10%\"><\/div>\n\n\n\n<div class=\"wp-block-column is-layout-flow wp-block-column-is-layout-flow\" style=\"flex-basis:30%\">\n<div class=\"wp-block-image\"><figure class=\"aligncenter size-large is-resized\"><img decoding=\"async\" src=\"https:\/\/aydyng.eu\/wp-content\/uploads\/2021\/03\/app_land_vehicle-min.jpg\" alt=\"\" class=\"wp-image-2063\" width=\"300\" srcset=\"https:\/\/aydyng.eu\/wp-content\/uploads\/2021\/03\/app_land_vehicle-min.jpg 700w, https:\/\/aydyng.eu\/wp-content\/uploads\/2021\/03\/app_land_vehicle-min-300x228.jpg 300w\" sizes=\"(max-width: 700px) 100vw, 700px\" \/><\/figure><\/div>\n<\/div>\n\n\n\n<div class=\"wp-block-column is-layout-flow wp-block-column-is-layout-flow\" style=\"flex-basis:50%\">\n<h3>Syst\u00e8mes de stabilisation et antiroulis<\/h3>\n\n\n\n<p>The Three Axis Gyroscope is an ideal stabilization and anti-roll solution in both static and dynamic applications. In the aerospace industry the TAG-300 is ideal for gimballed rocket engines to vector thrust in different directions. For land vehicles, utilize the TAG-200 for stabilizing independently operated remote weapons stations and offsetting vehicle pitch and roll.<\/p>\n<\/div>\n\n\n\n<div class=\"wp-block-column is-layout-flow wp-block-column-is-layout-flow\" style=\"flex-basis:10%\"><\/div>\n<\/div>\n\n\n<hr \/>\n<h2 style=\"text-align: center;\"><span style=\"color: #1a2a7a;\"><strong>Logiciels support\u00e9s<\/strong><\/span><\/h2>\n\n\n<div class=\"wp-block-columns is-layout-flex wp-container-core-columns-is-layout-9d6595d7 wp-block-columns-is-layout-flex\">\n<div class=\"wp-block-column is-layout-flow wp-block-column-is-layout-flow\"><\/div>\n\n\n\n<div class=\"wp-block-column is-layout-flow wp-block-column-is-layout-flow\">\n<figure class=\"wp-block-image size-large\"><img loading=\"lazy\" decoding=\"async\" width=\"300\" height=\"155\" src=\"https:\/\/aydyng.eu\/wp-content\/uploads\/2021\/03\/SDK-300x155-2.png\" alt=\"\" class=\"wp-image-2064\"\/><\/figure>\n<\/div>\n\n\n\n<div class=\"wp-block-column is-layout-flow wp-block-column-is-layout-flow\">\n<figure class=\"wp-block-image size-large\"><a href=\"https:\/\/www.ni.com\/en-us\/shop\/labview.html\" target=\"_blank\" rel=\"noreferrer noopener\"><img loading=\"lazy\" decoding=\"async\" width=\"300\" height=\"223\" src=\"https:\/\/aydyng.eu\/wp-content\/uploads\/2021\/03\/labview-1.png\" alt=\"\" class=\"wp-image-2065\"\/><\/a><\/figure>\n<\/div>\n\n\n\n<div class=\"wp-block-column is-layout-flow wp-block-column-is-layout-flow\">\n<figure class=\"wp-block-image size-large\"><img loading=\"lazy\" decoding=\"async\" width=\"300\" height=\"80\" src=\"https:\/\/aydyng.eu\/wp-content\/uploads\/2021\/03\/ROS-300x80-2.png\" alt=\"\" class=\"wp-image-2066\"\/><\/figure>\n<\/div>\n\n\n\n<div class=\"wp-block-column is-layout-flow wp-block-column-is-layout-flow\"><\/div>\n<\/div>\n\n\n<p style=\"text-align: center;\">Inertial Labs fournit les pilotes et les outils n\u00e9cessaires pour une int\u00e9gration facile avec les plateformes couramment utilis\u00e9es telles que ROS et LabVIEW. En outre, profitez de notre kit de d\u00e9veloppement logiciel (SDK) enti\u00e8rement accessible pour faciliter le d\u00e9veloppement avec votre syst\u00e8me existant.<\/p>\n<h3 style=\"text-align: center;\">\u00a0<\/h3>\n\n<hr \/>\n<h2 style=\"text-align: center;\"><span style=\"color: #1a2a7a;\"><strong>Performance du gyroscope<\/strong><\/span><\/h2>\n<h3 style=\"text-align: center;\"><strong>TAG Gyroscope Noise, Allan Variance Test<\/strong><\/h3>\n\n\n<div class=\"wp-block-columns is-layout-flex wp-container-core-columns-is-layout-9d6595d7 wp-block-columns-is-layout-flex\">\n<div class=\"wp-block-column is-layout-flow wp-block-column-is-layout-flow\"><\/div>\n\n\n\n<div class=\"wp-block-column is-layout-flow wp-block-column-is-layout-flow\">\n<figure class=\"wp-block-image size-large\"><img loading=\"lazy\" decoding=\"async\" width=\"1024\" height=\"657\" src=\"https:\/\/aydyng.eu\/wp-content\/uploads\/2021\/03\/TAG-Gyro-Noise-Allan-Variance-1024x657.png\" alt=\"\" class=\"wp-image-2067\" srcset=\"https:\/\/aydyng.eu\/wp-content\/uploads\/2021\/03\/TAG-Gyro-Noise-Allan-Variance-1024x657.png 1024w, https:\/\/aydyng.eu\/wp-content\/uploads\/2021\/03\/TAG-Gyro-Noise-Allan-Variance-300x193.png 300w, https:\/\/aydyng.eu\/wp-content\/uploads\/2021\/03\/TAG-Gyro-Noise-Allan-Variance-768x493.png 768w, https:\/\/aydyng.eu\/wp-content\/uploads\/2021\/03\/TAG-Gyro-Noise-Allan-Variance.png 1136w\" sizes=\"auto, (max-width: 1024px) 100vw, 1024px\" \/><\/figure>\n<\/div>\n\n\n\n<div class=\"wp-block-column is-layout-flow wp-block-column-is-layout-flow\"><\/div>\n<\/div>\n\n\n<hr \/>\n<h2 style=\"text-align: center;\"><span style=\"color: #1a2a7a;\"><strong>Kits de d\u00e9veloppement<\/strong><\/span><\/h2>\n\n\n<div class=\"wp-block-columns is-layout-flex wp-container-core-columns-is-layout-9d6595d7 wp-block-columns-is-layout-flex\">\n<div class=\"wp-block-column is-layout-flow wp-block-column-is-layout-flow\"><\/div>\n\n\n\n<div class=\"wp-block-column is-layout-flow wp-block-column-is-layout-flow\">\n<figure class=\"wp-block-image size-large\"><img loading=\"lazy\" decoding=\"async\" width=\"768\" height=\"588\" src=\"https:\/\/aydyng.eu\/wp-content\/uploads\/2021\/03\/DevKit-768x588-1.png\" alt=\"\" class=\"wp-image-2083\" srcset=\"https:\/\/aydyng.eu\/wp-content\/uploads\/2021\/03\/DevKit-768x588-1.png 768w, https:\/\/aydyng.eu\/wp-content\/uploads\/2021\/03\/DevKit-768x588-1-300x230.png 300w\" sizes=\"auto, (max-width: 768px) 100vw, 768px\" \/><\/figure>\n<\/div>\n\n\n\n<div class=\"wp-block-column is-layout-flow wp-block-column-is-layout-flow\"><\/div>\n<\/div>\n\n\n<hr \/>\n<p><em><strong>Mention l\u00e9gale sur les marques :<\/strong> Tous les noms de produits, logos et marques sont la propri\u00e9t\u00e9 de leurs propri\u00e9taires respectifs. Tous les noms de soci\u00e9t\u00e9s, de produits et de services utilis\u00e9s dans ce document le sont \u00e0 des fins d\u2019identification uniquement. L\u2019utilisation de ces noms, logos et marques n\u2019implique pas leur approbation. <i>Kongsberg\/Seatex, Ship Motion Control SMC, Teledyne TSS, R2Sonic, WAASP, EdgeTech, NORBIT, IMAGENEX, HYPACK, QINSY, Novatel Inertial Explorer are trademarks of Kongsberg\/Seatex, Ship Motion Control SMC, Teledyne TSS, R2Sonic, WAASP, EdgeTech, NORBIT, IMAGENEX, HYPACK, QINSY, Novatel Inertial Explorer<\/i><\/em><\/p>","protected":false},"excerpt":{"rendered":"<p>Les gyroscopes \u00e0 deux et trois axes d&rsquo;Inertial Labs (TAG-200 et TAG-300) sont con\u00e7us pour les syst\u00e8mes \u00e9lectro-optiques, les cardans, les plates-formes \u00e0 visibilit\u00e9 directe et les plates-formes panoramiques et inclinables pour les applications de stabilisation et de pointage. Ces dispositifs utilisent des MEMS sensibles de qualit\u00e9 tactique dont la taille, la consommation d&rsquo;\u00e9nergie, la &hellip;<\/p>\n","protected":false},"author":1,"featured_media":0,"parent":129,"menu_order":0,"comment_status":"closed","ping_status":"closed","template":"","meta":{"footnotes":""},"class_list":["post-2057","page","type-page","status-publish","hentry"],"_links":{"self":[{"href":"https:\/\/aydyng.eu\/index.php\/wp-json\/wp\/v2\/pages\/2057","targetHints":{"allow":["GET"]}}],"collection":[{"href":"https:\/\/aydyng.eu\/index.php\/wp-json\/wp\/v2\/pages"}],"about":[{"href":"https:\/\/aydyng.eu\/index.php\/wp-json\/wp\/v2\/types\/page"}],"author":[{"embeddable":true,"href":"https:\/\/aydyng.eu\/index.php\/wp-json\/wp\/v2\/users\/1"}],"replies":[{"embeddable":true,"href":"https:\/\/aydyng.eu\/index.php\/wp-json\/wp\/v2\/comments?post=2057"}],"version-history":[{"count":14,"href":"https:\/\/aydyng.eu\/index.php\/wp-json\/wp\/v2\/pages\/2057\/revisions"}],"predecessor-version":[{"id":2141,"href":"https:\/\/aydyng.eu\/index.php\/wp-json\/wp\/v2\/pages\/2057\/revisions\/2141"}],"up":[{"embeddable":true,"href":"https:\/\/aydyng.eu\/index.php\/wp-json\/wp\/v2\/pages\/129"}],"wp:attachment":[{"href":"https:\/\/aydyng.eu\/index.php\/wp-json\/wp\/v2\/media?parent=2057"}],"curies":[{"name":"wp","href":"https:\/\/api.w.org\/{rel}","templated":true}]}}