{"id":438,"date":"2019-05-10T15:19:13","date_gmt":"2019-05-10T13:19:13","guid":{"rendered":"http:\/\/aydyng.eu\/?page_id=438"},"modified":"2020-02-10T12:12:50","modified_gmt":"2020-02-10T11:12:50","slug":"od3d-fg","status":"publish","type":"page","link":"https:\/\/aydyng.eu\/index.php\/od3d-fg\/","title":{"rendered":"OD3D-FG"},"content":{"rendered":"\n<figure class=\"wp-block-gallery columns-1 wp-block-gallery-1 is-layout-flex wp-block-gallery-is-layout-flex\"><ul class=\"blocks-gallery-grid\"><li class=\"blocks-gallery-item\"><figure><img loading=\"lazy\" decoding=\"async\" width=\"350\" height=\"350\" src=\"http:\/\/aydyng.eu\/wp-content\/uploads\/2019\/05\/OS3D-FG-1.jpg\" alt=\"\" data-id=\"445\" data-link=\"http:\/\/aydyng.eu\/index.php\/od3d-fg\/os3d-fg-1\/\" class=\"wp-image-445\" srcset=\"https:\/\/aydyng.eu\/wp-content\/uploads\/2019\/05\/OS3D-FG-1.jpg 350w, https:\/\/aydyng.eu\/wp-content\/uploads\/2019\/05\/OS3D-FG-1-150x150.jpg 150w, https:\/\/aydyng.eu\/wp-content\/uploads\/2019\/05\/OS3D-FG-1-300x300.jpg 300w\" sizes=\"auto, (max-width: 350px) 100vw, 350px\" \/><figcaption class=\"blocks-gallery-item__caption\">OS3D-FG<\/figcaption><\/figure><\/li><\/ul><\/figure>\n\n\n\n<div class=\"wp-block-button\"><a class=\"wp-block-button__link has-background has-vivid-cyan-blue-background-color\" href=\"http:\/\/aydyng.eu\/wp-content\/uploads\/2019\/07\/OS3D-FG_Datasheet.rev2_.1.Dec_.2018.pdf\" style=\"border-radius:11px\" target=\"_blank\" rel=\"noreferrer noopener\">Fiche technique<\/a><\/div>\n\n\n<p>Offrant une pr\u00e9cision sup\u00e9rieure \u00e0 0.5 deg en Heading, 0.2 deg en Attitude, l\u2019 OS3D-FG d&rsquo;Inertial Labs est un AHRS miniature \u00e0 prix abordable, qui d\u00e9termine l\u2019orientation absolue (cap, tangage, roulis et soul\u00e8vement) de tout dispositif sur lequel il est mont\u00e9 pour des applications terrestres, maritimes et a\u00e9rospatiales.<\/p>\n\n\n<div class=\"wp-block-button\"><a class=\"wp-block-button__link has-background has-vivid-cyan-blue-background-color\" href=\"http:\/\/aydyng.eu\/index.php\/devis\/\" style=\"border-radius:11px\" target=\"_blank\" rel=\"noreferrer noopener\">Demander un devis<\/a><\/div>\n\n\n<h3 style=\"text-align: center;\"><strong>Sp\u00e9cifications<\/strong><\/h3>\n\n\n<p><\/p>\n\n\n\n<figure class=\"wp-block-table is-style-stripes\"><table class=\"\"><tbody><tr><td>Heading static accuracy<\/td><td>0.5 deg<\/td><\/tr><tr><td>Heading dynamic accuracy<\/td><td>0.8 deg<\/td><\/tr><tr><td>Attitude static accuracy<\/td><td>0.08 deg<\/td><\/tr><tr><td>Attitude dynamic accuracy<\/td><td>0.1 deg<\/td><\/tr><tr><td>Gyroscopes technology<\/td><td>MEMS<\/td><\/tr><tr><td>Gyroscopes bias in-run stability<\/td><td>8 deg\/hr<\/td><\/tr><tr><td>Gyroscopes noise<\/td><td>0.009 deg\/sec\u221aHz<\/td><\/tr><tr><td>Accelerometers technology<\/td><td>MEMS<\/td><\/tr><tr><td>Accelerometers in-run bias stability<\/td><td>0.03 mg<\/td><\/tr><tr><td>Accelerometers noise<\/td><td>0.08 mg\/\u221aHz<\/td><\/tr><tr><td>Magnetometers technology<\/td><td>FLUXGATE<\/td><\/tr><tr><td>Magnetometers Noise<\/td><td>15 \u00b5G\/\u221aHz<\/td><\/tr><tr><td>Pressure sensor in-run bias stability<\/td><td>0.12 hPa<\/td><\/tr><tr><td>Interfaces<\/td><td>RS-232, RS-422, RS-485<\/td><\/tr><tr><td>Supply voltage<\/td><td>4.5 to 42 V DC<\/td><\/tr><tr><td>Size<\/td><td>45 x 15 x 15 mm<\/td><\/tr><tr><td>Weight<\/td><td>12 g<\/td><\/tr><\/tbody><\/table><\/figure>\n\n\n<h2 style=\"text-align: center;\"><strong>Applications<\/strong><\/h2>\n<p>Motion Capture, Virtual Reality, Movement Science, Military Training, Biomechanics, Rehabilitation, R&amp;D and Education.<\/p>","protected":false},"excerpt":{"rendered":"<p>Offrant une pr\u00e9cision sup\u00e9rieure \u00e0 0.5 deg en Heading, 0.2 deg en Attitude, l\u2019 OS3D-FG d&rsquo;Inertial Labs est un AHRS miniature \u00e0 prix abordable, qui d\u00e9termine l\u2019orientation absolue (cap, tangage, roulis et soul\u00e8vement) de tout dispositif sur lequel il est mont\u00e9 pour des applications terrestres, maritimes et a\u00e9rospatiales. Sp\u00e9cifications Heading static accuracy 0.5 deg Heading &hellip;<\/p>\n","protected":false},"author":1,"featured_media":0,"parent":0,"menu_order":0,"comment_status":"closed","ping_status":"closed","template":"","meta":{"footnotes":""},"class_list":["post-438","page","type-page","status-publish","hentry"],"_links":{"self":[{"href":"https:\/\/aydyng.eu\/index.php\/wp-json\/wp\/v2\/pages\/438","targetHints":{"allow":["GET"]}}],"collection":[{"href":"https:\/\/aydyng.eu\/index.php\/wp-json\/wp\/v2\/pages"}],"about":[{"href":"https:\/\/aydyng.eu\/index.php\/wp-json\/wp\/v2\/types\/page"}],"author":[{"embeddable":true,"href":"https:\/\/aydyng.eu\/index.php\/wp-json\/wp\/v2\/users\/1"}],"replies":[{"embeddable":true,"href":"https:\/\/aydyng.eu\/index.php\/wp-json\/wp\/v2\/comments?post=438"}],"version-history":[{"count":14,"href":"https:\/\/aydyng.eu\/index.php\/wp-json\/wp\/v2\/pages\/438\/revisions"}],"predecessor-version":[{"id":1335,"href":"https:\/\/aydyng.eu\/index.php\/wp-json\/wp\/v2\/pages\/438\/revisions\/1335"}],"wp:attachment":[{"href":"https:\/\/aydyng.eu\/index.php\/wp-json\/wp\/v2\/media?parent=438"}],"curies":[{"name":"wp","href":"https:\/\/api.w.org\/{rel}","templated":true}]}}